{"id":19,"date":"2019-11-07T20:45:26","date_gmt":"2019-11-07T17:45:26","guid":{"rendered":"http:\/\/jinn-bot.ru\/?page_id=19"},"modified":"2025-12-28T22:03:36","modified_gmt":"2025-12-28T21:03:36","slug":"startseite","status":"publish","type":"page","link":"https:\/\/www.ferienwohnung-stgallenkirch.at\/","title":{"rendered":"Willkommen"},"content":{"rendered":"\n<p>Verbringe deinen Urlaub im Montafon in unserer modernen Ferienwohnung f\u00fcr 4-6 Personen in St. Gallenkirch im Ortsteil Galgenul. Ob Sommer- oder Winterurlaub, er wird unvergesslich werden.<\/p>\n\n\n<div class=\"wp-block-image\">\n<figure class=\"aligncenter size-large\"><img loading=\"lazy\" decoding=\"async\" width=\"1024\" height=\"669\" src=\"https:\/\/www.ferienwohnung-stgallenkirch.at\/wp-content\/uploads\/2019\/12\/hw-1024x669.jpg\" alt=\"\" class=\"wp-image-230\" srcset=\"https:\/\/www.ferienwohnung-stgallenkirch.at\/wp-content\/uploads\/2019\/12\/hw-1024x669.jpg 1024w, https:\/\/www.ferienwohnung-stgallenkirch.at\/wp-content\/uploads\/2019\/12\/hw-300x196.jpg 300w, https:\/\/www.ferienwohnung-stgallenkirch.at\/wp-content\/uploads\/2019\/12\/hw-768x502.jpg 768w, https:\/\/www.ferienwohnung-stgallenkirch.at\/wp-content\/uploads\/2019\/12\/hw-1536x1004.jpg 1536w, https:\/\/www.ferienwohnung-stgallenkirch.at\/wp-content\/uploads\/2019\/12\/hw-2048x1339.jpg 2048w, https:\/\/www.ferienwohnung-stgallenkirch.at\/wp-content\/uploads\/2019\/12\/hw-900x588.jpg 900w, https:\/\/www.ferienwohnung-stgallenkirch.at\/wp-content\/uploads\/2019\/12\/hw-1280x837.jpg 1280w\" sizes=\"auto, (max-width: 1024px) 100vw, 1024px\" \/><\/figure>\n<\/div>\n\n\n<p>Direkt vor unserem Haus liegt der romantische Winterwanderweg und die Langlaufloipe.<\/p>\n\n\n\n<figure class=\"wp-block-gallery aligncenter has-nested-images columns-default is-cropped wp-block-gallery-1 is-layout-flex wp-block-gallery-is-layout-flex\">\n<figure class=\"wp-block-image size-large\"><img loading=\"lazy\" decoding=\"async\" width=\"1024\" height=\"768\" data-id=\"231\" src=\"https:\/\/www.ferienwohnung-stgallenkirch.at\/wp-content\/uploads\/2019\/12\/sc2-1024x768.jpg\" alt=\"\" class=\"wp-image-231\" srcset=\"https:\/\/www.ferienwohnung-stgallenkirch.at\/wp-content\/uploads\/2019\/12\/sc2-1024x768.jpg 1024w, https:\/\/www.ferienwohnung-stgallenkirch.at\/wp-content\/uploads\/2019\/12\/sc2-300x225.jpg 300w, https:\/\/www.ferienwohnung-stgallenkirch.at\/wp-content\/uploads\/2019\/12\/sc2-768x576.jpg 768w, https:\/\/www.ferienwohnung-stgallenkirch.at\/wp-content\/uploads\/2019\/12\/sc2-1536x1152.jpg 1536w, https:\/\/www.ferienwohnung-stgallenkirch.at\/wp-content\/uploads\/2019\/12\/sc2-2048x1536.jpg 2048w, https:\/\/www.ferienwohnung-stgallenkirch.at\/wp-content\/uploads\/2019\/12\/sc2-900x675.jpg 900w, https:\/\/www.ferienwohnung-stgallenkirch.at\/wp-content\/uploads\/2019\/12\/sc2-1280x960.jpg 1280w\" sizes=\"auto, (max-width: 1024px) 100vw, 1024px\" \/><\/figure>\n\n\n\n<figure class=\"wp-block-image size-large\"><img loading=\"lazy\" decoding=\"async\" width=\"1024\" height=\"683\" data-id=\"232\" src=\"https:\/\/www.ferienwohnung-stgallenkirch.at\/wp-content\/uploads\/2019\/12\/sc1-1024x683.jpg\" alt=\"\" class=\"wp-image-232\" srcset=\"https:\/\/www.ferienwohnung-stgallenkirch.at\/wp-content\/uploads\/2019\/12\/sc1-1024x683.jpg 1024w, https:\/\/www.ferienwohnung-stgallenkirch.at\/wp-content\/uploads\/2019\/12\/sc1-300x200.jpg 300w, https:\/\/www.ferienwohnung-stgallenkirch.at\/wp-content\/uploads\/2019\/12\/sc1-768x512.jpg 768w, https:\/\/www.ferienwohnung-stgallenkirch.at\/wp-content\/uploads\/2019\/12\/sc1-1536x1024.jpg 1536w, https:\/\/www.ferienwohnung-stgallenkirch.at\/wp-content\/uploads\/2019\/12\/sc1-2048x1365.jpg 2048w, https:\/\/www.ferienwohnung-stgallenkirch.at\/wp-content\/uploads\/2019\/12\/sc1-900x600.jpg 900w, https:\/\/www.ferienwohnung-stgallenkirch.at\/wp-content\/uploads\/2019\/12\/sc1-1280x853.jpg 1280w\" sizes=\"auto, (max-width: 1024px) 100vw, 1024px\" \/><\/figure>\n\n\n\n<figure class=\"wp-block-image size-large\"><img loading=\"lazy\" decoding=\"async\" width=\"1024\" height=\"576\" data-id=\"233\" src=\"https:\/\/www.ferienwohnung-stgallenkirch.at\/wp-content\/uploads\/2019\/12\/sc3-1024x576.jpg\" alt=\"\" class=\"wp-image-233\" srcset=\"https:\/\/www.ferienwohnung-stgallenkirch.at\/wp-content\/uploads\/2019\/12\/sc3-1024x576.jpg 1024w, https:\/\/www.ferienwohnung-stgallenkirch.at\/wp-content\/uploads\/2019\/12\/sc3-300x169.jpg 300w, https:\/\/www.ferienwohnung-stgallenkirch.at\/wp-content\/uploads\/2019\/12\/sc3-768x432.jpg 768w, https:\/\/www.ferienwohnung-stgallenkirch.at\/wp-content\/uploads\/2019\/12\/sc3-1536x864.jpg 1536w, https:\/\/www.ferienwohnung-stgallenkirch.at\/wp-content\/uploads\/2019\/12\/sc3-2048x1152.jpg 2048w, https:\/\/www.ferienwohnung-stgallenkirch.at\/wp-content\/uploads\/2019\/12\/sc3-900x506.jpg 900w, https:\/\/www.ferienwohnung-stgallenkirch.at\/wp-content\/uploads\/2019\/12\/sc3-1280x720.jpg 1280w\" sizes=\"auto, (max-width: 1024px) 100vw, 1024px\" \/><\/figure>\n<\/figure>\n\n\n\n<p>In ca. 600m Entfernung finden Sie das Gasthaus Montafoner H\u00fcsli. Hier k\u00f6nnen Sie preisg\u00fcnstig und gut Speisen.<a style=\"color: white; !important;\" rel=\"noopener noreferrer\" target=\"_blank\" href=\"https:\/\/www.pensionen-weltweit.de\/\">w<\/a><\/p>\n\n\n\n<p>Oder nutzen Sie den beleuchteten Winterwanderweg f\u00fcr einen abendlichen Ausflug in der verschneiten Bergwelt. <\/p>\n\n\n\n<p>Die Talstationen der Silvretta Montafon Valiserabahn oder Grasjochbahn sind ca. 800m vom Haus entfernt.<a style=\"color: white; !important;\" rel=\"noopener noreferrer\" target=\"_blank\" href=\"https:\/\/www.ferienhausmiete.de\/\">e<\/a><\/p>\n\n\n\n<p>Im Sommer erreichen Sie problemlos beliebte Wanderziele. Der Rad-\/ Wanderweg und das Schwimmbad, in dem Sie auch bei Regenwetter ungetr\u00fcbten Badespa\u00df genie\u00dfen k\u00f6nnen (ge\u00f6ffnet von Mai bis Oktober), liegen in unmittelbarer N\u00e4he. Das Montafon l\u00e4dt zu unz\u00e4hligen&nbsp;Mountainbiketouren&nbsp;in verschiedenen Schwierigkeitsgraden ein.<\/p>\n\n\n\n<p><\/p>\n\n\n\n<p>Aktualisiert: 28.12.2025<\/p>\n\n\n\n<p style=\"color: white; font-size: 8px;\">Ferienwohnung im Montafon, Silvretta Nova, Schifahren Montafon, Bergbahnen, neue Ferienwohnung, montafon.com, Schifahren &Ouml;sterreich moderne Ferienwohnung, Unterkunft Montafon, private Unterkunft Montafon, Schruns, in St. Gallenkirch, silvretta-montafon, Silvretta Nova, Ferienwohnung in St. Gallenkirch, Urlaub im Montafon, Schiurlaub im Montafon, Ferienwohnung im Hochmontafon, Sankt Gallenkirch Mountainbike, Silvretta Montafon, Schirurlaub im Montafon, g&uuml;nstige Ferienwohnung, Comfort Ferienwohnung, Apartments, Appartement, Ferienwohnung Privat, Vorarlberg, preiswert, exklusiv, Ferienunterkunft Montafon, Ferienwohnungen, Hochmontafon, Hochjoch, Schafbergbahnen Gargellen, Golm, g&uuml;nstige Unterkunft, Alpenszene Montafon, Ferien, Ferienwohnung f&uuml;r 4 Personen, Ferienwohnung f&uuml;r 6 Personen, freie Zimmer, Unterkunft; Komfortable Ferienwohnungen in Galgenul im Montafon Grasjochbahn Galgenul<\/style><\/p>\n","protected":false},"excerpt":{"rendered":"<p>Verbringe deinen Urlaub im Montafon in unserer modernen Ferienwohnung f\u00fcr 4-6 Personen in St. Gallenkirch im Ortsteil Galgenul. Ob Sommer- oder Winterurlaub, er wird unvergesslich werden. Direkt vor unserem Haus liegt der romantische Winterwanderweg und die Langlaufloipe. In ca. 600m Entfernung finden Sie das Gasthaus Montafoner H\u00fcsli. Hier k\u00f6nnen Sie preisg\u00fcnstig und gut Speisen.w Oder [&hellip;]<\/p>\n","protected":false},"author":1,"featured_media":0,"parent":0,"menu_order":0,"comment_status":"closed","ping_status":"closed","template":"full-width-page-template.php","meta":{"ngg_post_thumbnail":0,"footnotes":""},"class_list":["post-19","page","type-page","status-publish","hentry"],"_links":{"self":[{"href":"https:\/\/www.ferienwohnung-stgallenkirch.at\/index.php?rest_route=\/wp\/v2\/pages\/19","targetHints":{"allow":["GET"]}}],"collection":[{"href":"https:\/\/www.ferienwohnung-stgallenkirch.at\/index.php?rest_route=\/wp\/v2\/pages"}],"about":[{"href":"https:\/\/www.ferienwohnung-stgallenkirch.at\/index.php?rest_route=\/wp\/v2\/types\/page"}],"author":[{"embeddable":true,"href":"https:\/\/www.ferienwohnung-stgallenkirch.at\/index.php?rest_route=\/wp\/v2\/users\/1"}],"replies":[{"embeddable":true,"href":"https:\/\/www.ferienwohnung-stgallenkirch.at\/index.php?rest_route=%2Fwp%2Fv2%2Fcomments&post=19"}],"version-history":[{"count":61,"href":"https:\/\/www.ferienwohnung-stgallenkirch.at\/index.php?rest_route=\/wp\/v2\/pages\/19\/revisions"}],"predecessor-version":[{"id":603,"href":"https:\/\/www.ferienwohnung-stgallenkirch.at\/index.php?rest_route=\/wp\/v2\/pages\/19\/revisions\/603"}],"wp:attachment":[{"href":"https:\/\/www.ferienwohnung-stgallenkirch.at\/index.php?rest_route=%2Fwp%2Fv2%2Fmedia&parent=19"}],"curies":[{"name":"wp","href":"https:\/\/api.w.org\/{rel}","templated":true}]}}